{"id":1281,"date":"2013-09-16T08:24:27","date_gmt":"2013-09-16T06:24:27","guid":{"rendered":"http:\/\/www.lagerfeuer-musik.de\/wordpress\/?page_id=1281"},"modified":"2013-09-16T08:25:15","modified_gmt":"2013-09-16T06:25:15","slug":"schaala-lalalalaala-lalalalaa","status":"publish","type":"page","link":"https:\/\/www.lagerfeuer-musik.de\/wordpress\/schaala-lalalalaala-lalalalaa\/","title":{"rendered":"Schaala lalalalaala lalalalaa"},"content":{"rendered":"<p>wie wollen euch nicht die welt erkl\u00e4ren (wir wissen&#8217;s n\u00e4mlich auch nicht besser)<br \/>\nnicht das sich irgendwer beschwert (wir w\u00e4r&#8217;n jawohl von vorvorgestern)<br \/>\nwir haben keine botschaft, keinen tieferen sinn<br \/>\naber eine sache kriegen wir im allgemeinen ganz gut hin:<\/p>\n<p>schaala lalalalaala lalalalaa \u2013 wir sind hier um das haus zu rocken<br \/>\nschaala lalalalaala lalalalaa \u2013 oft kopiert aber nicht zu toppen<br \/>\nschaala lalalalalalaa \u2013 die andern sind noch unterwegs und wir schon da<\/p>\n<p>fragt uns nicht, was das alles soll (wir haben wirklich keine ahnung)<br \/>\nund nehmt uns bitte nicht f\u00fcr voll (das w\u00e4r nicht teil unserer planung)<br \/>\nauch wenn&#8217;s\u00a0 so wirkt, wir wissen wirklich nicht bescheid<br \/>\naber daf\u00fcr haben wir meistens ne ziemlich gute zeit<\/p>\n<p>schaala&#8230;&#8230;<\/p>\n<p>und jetzt denkt nicht lange nach, daf\u00fcr ist morgen auch noch zeit<br \/>\nschlie\u00dflich habt ihr nicht den ganzen tag, um uns zu zeigen, wie geil ihr seid<br \/>\nwir sind echt nur einmal hier, und wolln auch gar nicht lange st\u00f6ren<br \/>\ndarum z\u00e4hlen wir jetzt bis 4 und wolln euch singen h\u00f6ren:<\/p>\n<p>schaala&#8230;&#8230;<\/p>\n","protected":false},"excerpt":{"rendered":"<p>wie wollen euch nicht die welt erkl\u00e4ren (wir wissen&#8217;s n\u00e4mlich auch nicht besser) nicht das sich irgendwer beschwert (wir w\u00e4r&#8217;n jawohl von vorvorgestern) wir haben keine botschaft, keinen tieferen sinn<a href=\"https:\/\/www.lagerfeuer-musik.de\/wordpress\/schaala-lalalalaala-lalalalaa\/\" class=\"more-link\"><span class=\"readmore\">Continue reading<span class=\"screen-reader-text\">Schaala lalalalaala lalalalaa<\/span><\/span><\/a><\/p>\n","protected":false},"author":1,"featured_media":0,"parent":0,"menu_order":0,"comment_status":"closed","ping_status":"closed","template":"sidebar-page.php","meta":{"footnotes":""},"class_list":["post-1281","page","type-page","status-publish","hentry"],"yoast_head":"<!-- This site is optimized with the Yoast SEO plugin v27.6 - https:\/\/yoast.com\/product\/yoast-seo-wordpress\/ -->\n<title>Schaala lalalalaala lalalalaa - LAGERFEUER-TRIO<\/title>\n<meta name=\"robots\" content=\"index, follow, max-snippet:-1, max-image-preview:large, max-video-preview:-1\" \/>\n<link rel=\"canonical\" href=\"https:\/\/www.lagerfeuer-musik.de\/wordpress\/schaala-lalalalaala-lalalalaa\/\" \/>\n<meta property=\"og:locale\" content=\"de_DE\" \/>\n<meta property=\"og:type\" content=\"article\" \/>\n<meta property=\"og:title\" content=\"Schaala lalalalaala lalalalaa - LAGERFEUER-TRIO\" \/>\n<meta property=\"og:description\" content=\"wie wollen euch nicht die welt erkl\u00e4ren (wir wissen&#8217;s n\u00e4mlich auch nicht besser) nicht das sich irgendwer beschwert (wir w\u00e4r&#8217;n jawohl von vorvorgestern) wir haben keine botschaft, keinen tieferen sinnContinue readingSchaala lalalalaala lalalalaa\" \/>\n<meta property=\"og:url\" content=\"https:\/\/www.lagerfeuer-musik.de\/wordpress\/schaala-lalalalaala-lalalalaa\/\" \/>\n<meta property=\"og:site_name\" content=\"LAGERFEUER-TRIO\" \/>\n<meta property=\"article:publisher\" content=\"https:\/\/www.facebook.com\/lagerfeuertrio\" \/>\n<meta property=\"article:modified_time\" content=\"2013-09-16T06:25:15+00:00\" \/>\n<meta name=\"twitter:card\" content=\"summary_large_image\" \/>\n<meta name=\"twitter:site\" content=\"@Lagerfeuer74309\" \/>\n<meta name=\"twitter:label1\" content=\"Gesch\u00e4tzte Lesezeit\" \/>\n\t<meta name=\"twitter:data1\" content=\"1\u00a0Minute\" \/>\n<script type=\"application\/ld+json\" class=\"yoast-schema-graph\">{\"@context\":\"https:\\\/\\\/schema.org\",\"@graph\":[{\"@type\":\"WebPage\",\"@id\":\"https:\\\/\\\/www.lagerfeuer-musik.de\\\/wordpress\\\/schaala-lalalalaala-lalalalaa\\\/\",\"url\":\"https:\\\/\\\/www.lagerfeuer-musik.de\\\/wordpress\\\/schaala-lalalalaala-lalalalaa\\\/\",\"name\":\"Schaala lalalalaala lalalalaa - LAGERFEUER-TRIO\",\"isPartOf\":{\"@id\":\"https:\\\/\\\/www.lagerfeuer-musik.de\\\/wordpress\\\/#website\"},\"datePublished\":\"2013-09-16T06:24:27+00:00\",\"dateModified\":\"2013-09-16T06:25:15+00:00\",\"breadcrumb\":{\"@id\":\"https:\\\/\\\/www.lagerfeuer-musik.de\\\/wordpress\\\/schaala-lalalalaala-lalalalaa\\\/#breadcrumb\"},\"inLanguage\":\"de\",\"potentialAction\":[{\"@type\":\"ReadAction\",\"target\":[\"https:\\\/\\\/www.lagerfeuer-musik.de\\\/wordpress\\\/schaala-lalalalaala-lalalalaa\\\/\"]}]},{\"@type\":\"BreadcrumbList\",\"@id\":\"https:\\\/\\\/www.lagerfeuer-musik.de\\\/wordpress\\\/schaala-lalalalaala-lalalalaa\\\/#breadcrumb\",\"itemListElement\":[{\"@type\":\"ListItem\",\"position\":1,\"name\":\"Startseite\",\"item\":\"https:\\\/\\\/www.lagerfeuer-musik.de\\\/wordpress\\\/\"},{\"@type\":\"ListItem\",\"position\":2,\"name\":\"Schaala lalalalaala lalalalaa\"}]},{\"@type\":\"WebSite\",\"@id\":\"https:\\\/\\\/www.lagerfeuer-musik.de\\\/wordpress\\\/#website\",\"url\":\"https:\\\/\\\/www.lagerfeuer-musik.de\\\/wordpress\\\/\",\"name\":\"LAGERFEUER-TRIO\",\"description\":\"da brennt die H\u00fctte\",\"publisher\":{\"@id\":\"https:\\\/\\\/www.lagerfeuer-musik.de\\\/wordpress\\\/#organization\"},\"potentialAction\":[{\"@type\":\"SearchAction\",\"target\":{\"@type\":\"EntryPoint\",\"urlTemplate\":\"https:\\\/\\\/www.lagerfeuer-musik.de\\\/wordpress\\\/?s={search_term_string}\"},\"query-input\":{\"@type\":\"PropertyValueSpecification\",\"valueRequired\":true,\"valueName\":\"search_term_string\"}}],\"inLanguage\":\"de\"},{\"@type\":\"Organization\",\"@id\":\"https:\\\/\\\/www.lagerfeuer-musik.de\\\/wordpress\\\/#organization\",\"name\":\"LAGERFEUER-TRIO\",\"url\":\"https:\\\/\\\/www.lagerfeuer-musik.de\\\/wordpress\\\/\",\"logo\":{\"@type\":\"ImageObject\",\"inLanguage\":\"de\",\"@id\":\"https:\\\/\\\/www.lagerfeuer-musik.de\\\/wordpress\\\/#\\\/schema\\\/logo\\\/image\\\/\",\"url\":\"https:\\\/\\\/www.lagerfeuer-musik.de\\\/wordpress\\\/wp-content\\\/uploads\\\/2023\\\/11\\\/cropped-LOGONEU.png\",\"contentUrl\":\"https:\\\/\\\/www.lagerfeuer-musik.de\\\/wordpress\\\/wp-content\\\/uploads\\\/2023\\\/11\\\/cropped-LOGONEU.png\",\"width\":1158,\"height\":381,\"caption\":\"LAGERFEUER-TRIO\"},\"image\":{\"@id\":\"https:\\\/\\\/www.lagerfeuer-musik.de\\\/wordpress\\\/#\\\/schema\\\/logo\\\/image\\\/\"},\"sameAs\":[\"https:\\\/\\\/www.facebook.com\\\/lagerfeuertrio\",\"https:\\\/\\\/x.com\\\/Lagerfeuer74309\",\"https:\\\/\\\/www.instagram.com\\\/lagerfeuertrio\\\/\",\"https:\\\/\\\/www.linkedin.com\\\/in\\\/lagerfeuer-trio-aachen\\\/\"]}]}<\/script>\n<!-- \/ Yoast SEO plugin. -->","yoast_head_json":{"title":"Schaala lalalalaala lalalalaa - LAGERFEUER-TRIO","robots":{"index":"index","follow":"follow","max-snippet":"max-snippet:-1","max-image-preview":"max-image-preview:large","max-video-preview":"max-video-preview:-1"},"canonical":"https:\/\/www.lagerfeuer-musik.de\/wordpress\/schaala-lalalalaala-lalalalaa\/","og_locale":"de_DE","og_type":"article","og_title":"Schaala lalalalaala lalalalaa - LAGERFEUER-TRIO","og_description":"wie wollen euch nicht die welt erkl\u00e4ren (wir wissen&#8217;s n\u00e4mlich auch nicht besser) nicht das sich irgendwer beschwert (wir w\u00e4r&#8217;n jawohl von vorvorgestern) wir haben keine botschaft, keinen tieferen sinnContinue readingSchaala lalalalaala lalalalaa","og_url":"https:\/\/www.lagerfeuer-musik.de\/wordpress\/schaala-lalalalaala-lalalalaa\/","og_site_name":"LAGERFEUER-TRIO","article_publisher":"https:\/\/www.facebook.com\/lagerfeuertrio","article_modified_time":"2013-09-16T06:25:15+00:00","twitter_card":"summary_large_image","twitter_site":"@Lagerfeuer74309","twitter_misc":{"Gesch\u00e4tzte Lesezeit":"1\u00a0Minute"},"schema":{"@context":"https:\/\/schema.org","@graph":[{"@type":"WebPage","@id":"https:\/\/www.lagerfeuer-musik.de\/wordpress\/schaala-lalalalaala-lalalalaa\/","url":"https:\/\/www.lagerfeuer-musik.de\/wordpress\/schaala-lalalalaala-lalalalaa\/","name":"Schaala lalalalaala lalalalaa - LAGERFEUER-TRIO","isPartOf":{"@id":"https:\/\/www.lagerfeuer-musik.de\/wordpress\/#website"},"datePublished":"2013-09-16T06:24:27+00:00","dateModified":"2013-09-16T06:25:15+00:00","breadcrumb":{"@id":"https:\/\/www.lagerfeuer-musik.de\/wordpress\/schaala-lalalalaala-lalalalaa\/#breadcrumb"},"inLanguage":"de","potentialAction":[{"@type":"ReadAction","target":["https:\/\/www.lagerfeuer-musik.de\/wordpress\/schaala-lalalalaala-lalalalaa\/"]}]},{"@type":"BreadcrumbList","@id":"https:\/\/www.lagerfeuer-musik.de\/wordpress\/schaala-lalalalaala-lalalalaa\/#breadcrumb","itemListElement":[{"@type":"ListItem","position":1,"name":"Startseite","item":"https:\/\/www.lagerfeuer-musik.de\/wordpress\/"},{"@type":"ListItem","position":2,"name":"Schaala lalalalaala lalalalaa"}]},{"@type":"WebSite","@id":"https:\/\/www.lagerfeuer-musik.de\/wordpress\/#website","url":"https:\/\/www.lagerfeuer-musik.de\/wordpress\/","name":"LAGERFEUER-TRIO","description":"da brennt die H\u00fctte","publisher":{"@id":"https:\/\/www.lagerfeuer-musik.de\/wordpress\/#organization"},"potentialAction":[{"@type":"SearchAction","target":{"@type":"EntryPoint","urlTemplate":"https:\/\/www.lagerfeuer-musik.de\/wordpress\/?s={search_term_string}"},"query-input":{"@type":"PropertyValueSpecification","valueRequired":true,"valueName":"search_term_string"}}],"inLanguage":"de"},{"@type":"Organization","@id":"https:\/\/www.lagerfeuer-musik.de\/wordpress\/#organization","name":"LAGERFEUER-TRIO","url":"https:\/\/www.lagerfeuer-musik.de\/wordpress\/","logo":{"@type":"ImageObject","inLanguage":"de","@id":"https:\/\/www.lagerfeuer-musik.de\/wordpress\/#\/schema\/logo\/image\/","url":"https:\/\/www.lagerfeuer-musik.de\/wordpress\/wp-content\/uploads\/2023\/11\/cropped-LOGONEU.png","contentUrl":"https:\/\/www.lagerfeuer-musik.de\/wordpress\/wp-content\/uploads\/2023\/11\/cropped-LOGONEU.png","width":1158,"height":381,"caption":"LAGERFEUER-TRIO"},"image":{"@id":"https:\/\/www.lagerfeuer-musik.de\/wordpress\/#\/schema\/logo\/image\/"},"sameAs":["https:\/\/www.facebook.com\/lagerfeuertrio","https:\/\/x.com\/Lagerfeuer74309","https:\/\/www.instagram.com\/lagerfeuertrio\/","https:\/\/www.linkedin.com\/in\/lagerfeuer-trio-aachen\/"]}]}},"_links":{"self":[{"href":"https:\/\/www.lagerfeuer-musik.de\/wordpress\/wp-json\/wp\/v2\/pages\/1281","targetHints":{"allow":["GET"]}}],"collection":[{"href":"https:\/\/www.lagerfeuer-musik.de\/wordpress\/wp-json\/wp\/v2\/pages"}],"about":[{"href":"https:\/\/www.lagerfeuer-musik.de\/wordpress\/wp-json\/wp\/v2\/types\/page"}],"author":[{"embeddable":true,"href":"https:\/\/www.lagerfeuer-musik.de\/wordpress\/wp-json\/wp\/v2\/users\/1"}],"replies":[{"embeddable":true,"href":"https:\/\/www.lagerfeuer-musik.de\/wordpress\/wp-json\/wp\/v2\/comments?post=1281"}],"version-history":[{"count":2,"href":"https:\/\/www.lagerfeuer-musik.de\/wordpress\/wp-json\/wp\/v2\/pages\/1281\/revisions"}],"predecessor-version":[{"id":1284,"href":"https:\/\/www.lagerfeuer-musik.de\/wordpress\/wp-json\/wp\/v2\/pages\/1281\/revisions\/1284"}],"wp:attachment":[{"href":"https:\/\/www.lagerfeuer-musik.de\/wordpress\/wp-json\/wp\/v2\/media?parent=1281"}],"curies":[{"name":"wp","href":"https:\/\/api.w.org\/{rel}","templated":true}]}}