{"id":1285,"date":"2013-09-17T20:00:36","date_gmt":"2013-09-17T18:00:36","guid":{"rendered":"http:\/\/www.lagerfeuer-musik.de\/wordpress\/?page_id=1285"},"modified":"2013-09-17T20:00:36","modified_gmt":"2013-09-17T18:00:36","slug":"ich-kann-rocken","status":"publish","type":"page","link":"https:\/\/www.lagerfeuer-musik.de\/wordpress\/ich-kann-rocken\/","title":{"rendered":"Ich kann rocken"},"content":{"rendered":"<p style=\"text-align: left;\" align=\"CENTER\">mag ja sein, das du sch\u00f6ner, kl\u00fcger, reicher bist als ich<br \/>\naber aus irgendeinem grund klappt&#8217;s bei dir mit den frauen nicht<br \/>\nund das kannst du dir so gar nicht erkl\u00e4ren<br \/>\nobwohl du soviel zu bieten hast will sich keine mit dir vermehren<br \/>\ndu hast die kohle auf der bank, die b\u00fccher im schrank<br \/>\nin deiner designerk\u00fcche ist alles blitzeblank<br \/>\ndu denkst das kann doch nicht sein, wieso bin ich allein<br \/>\nwenn ich sogar bei liebesfilmen an den richtigen stellen wein??<\/p>\n<p align=\"LEFT\">da gibt es etwas, das dir fehlt<br \/>\ndas hat die blo\u00df keine erz\u00e4hlt<br \/>\ndu machst sicher alles richtig<br \/>\naber es ist nicht wichtig<\/p>\n<p align=\"LEFT\"><strong>du bist zwar klug, aber nicht witzig<\/strong><br \/>\n<strong>du siehst gut aus, aber das gibt sich<\/strong><br \/>\n<strong>du hast ein gro\u00dfes, teures auto,<\/strong><br \/>\n<strong>aber du benimmst dich auch genauso<\/strong><br \/>\n<strong>du bist zwar reich, aber nicht cool,<\/strong><br \/>\n<strong>da hilft dir auch kein swimmingpool<\/strong><br \/>\n<strong>du kannst mit deinen flocken locken,<\/strong><br \/>\n<strong>aber ich gewinn, denn ich kann rocken!<\/strong><\/p>\n<p align=\"LEFT\">Mag ja sein, das du h\u00f6her, schneller, weiter bist als ich,<br \/>\naber aus irgendeinem grund hast du bis jetzt keine abgekriegt<br \/>\nund das kannst du ganz und gar nicht vertsehen,<br \/>\ndenn um festzustellen, wie toll du bist, braucht man sich nur umzusehen<br \/>\ndu kennst die wichtigen leute deiner stadt<br \/>\ndu stehst \u00fcberall auf der g\u00e4steliste, du hast&#8217;s gepackt<br \/>\nnur eine kleine sache regt dich tierisch auf<br \/>\nwarum zur h\u00f6lle gehst du immer noch alleine nach haus??<\/p>\n<p align=\"LEFT\">da gibt es etwas, das dir fehlt<br \/>\ndas hat die blo\u00df keine erz\u00e4hlt<br \/>\ndu machst sicher alles richtig<br \/>\naber es ist nicht wichtig<\/p>\n<p align=\"LEFT\"><strong>du bist zwar klug, aber nicht witzig<\/strong><br \/>\n<strong>du siehst gut aus, aber das gibt sich<\/strong><br \/>\n<strong>du hast ein gro\u00dfes, teures auto,<\/strong><br \/>\n<strong>aber du benimmst dich auch genauso<\/strong><br \/>\n<strong>du bist zwar reich, aber nicht cool,<\/strong><br \/>\n<strong>da hilft dir auch kein swimmingpool<\/strong><br \/>\n<strong>du kannst mit deinen flocken locken,<\/strong><br \/>\n<strong>aber ich gewinn, denn ich kann rocken!<\/strong><\/p>\n<p align=\"LEFT\">aber das kann doch nicht sein, denkst du dir<br \/>\ndas dieser penner meint, er h\u00e4tt&#8216; was zu kamellen neben mir<br \/>\nund glaubt er k\u00f6nnt&#8216; mir was erz\u00e4hlen, dar\u00fcber das mir irgendwelche sachen fehlen<br \/>\ndas ist doch nicht zu fassen, wird zeit, den stehen zu lassen<br \/>\ndas tut mir wirklich furchtbar leid, mein freund<br \/>\nich wollte dir nur helfen, ich hab&#8217;s echt nur gut gemeint<br \/>\naber mach nur so weiter, umso besser f\u00fcr mich,<br \/>\ndie lady hakt mich unter, l\u00e4sst dich stehen, und du wunderst dich<\/p>\n<p align=\"LEFT\">da gibt es etwas, das dir fehlt<br \/>\ndas hat die blo\u00df keine erz\u00e4hlt<br \/>\ndu machst sicher alles richtig<br \/>\naber es ist nicht wichtig<\/p>\n<p align=\"LEFT\"><strong>du bist zwar klug, aber nicht witzig<\/strong><br \/>\n<strong>du siehst gut aus, aber das gibt sich<\/strong><br \/>\n<strong>du hast ein gro\u00dfes, teures auto,<\/strong><br \/>\n<strong>aber du benimmst dich auch genauso<\/strong><br \/>\n<strong>du bist zwar reich, aber nicht cool,<\/strong><br \/>\n<strong>da hilft dir auch kein swimmingpool<\/strong><br \/>\n<strong>du kannst mit deinen flocken locken,<\/strong><br \/>\n<strong>aber ich gewinn, denn ich kann rocken!<\/strong><\/p>\n","protected":false},"excerpt":{"rendered":"<p>mag ja sein, das du sch\u00f6ner, kl\u00fcger, reicher bist als ich aber aus irgendeinem grund klappt&#8217;s bei dir mit den frauen nicht und das kannst du dir so gar nicht<a href=\"https:\/\/www.lagerfeuer-musik.de\/wordpress\/ich-kann-rocken\/\" class=\"more-link\"><span class=\"readmore\">Continue reading<span class=\"screen-reader-text\">Ich kann rocken<\/span><\/span><\/a><\/p>\n","protected":false},"author":1,"featured_media":0,"parent":0,"menu_order":0,"comment_status":"closed","ping_status":"closed","template":"sidebar-page.php","meta":{"footnotes":""},"class_list":["post-1285","page","type-page","status-publish","hentry"],"yoast_head":"<!-- This site is optimized with the Yoast SEO plugin v26.1.1 - https:\/\/yoast.com\/wordpress\/plugins\/seo\/ -->\n<title>Ich kann rocken - LAGERFEUER-TRIO<\/title>\n<meta name=\"robots\" content=\"index, follow, max-snippet:-1, max-image-preview:large, max-video-preview:-1\" \/>\n<link rel=\"canonical\" href=\"https:\/\/www.lagerfeuer-musik.de\/wordpress\/ich-kann-rocken\/\" \/>\n<meta property=\"og:locale\" content=\"de_DE\" \/>\n<meta property=\"og:type\" content=\"article\" \/>\n<meta property=\"og:title\" content=\"Ich kann rocken - LAGERFEUER-TRIO\" \/>\n<meta property=\"og:description\" content=\"mag ja sein, das du sch\u00f6ner, kl\u00fcger, reicher bist als ich aber aus irgendeinem grund klappt&#8217;s bei dir mit den frauen nicht und das kannst du dir so gar nichtContinue readingIch kann rocken\" \/>\n<meta property=\"og:url\" content=\"https:\/\/www.lagerfeuer-musik.de\/wordpress\/ich-kann-rocken\/\" \/>\n<meta property=\"og:site_name\" content=\"LAGERFEUER-TRIO\" \/>\n<meta property=\"article:publisher\" content=\"https:\/\/www.facebook.com\/lagerfeuertrio\" \/>\n<meta name=\"twitter:card\" content=\"summary_large_image\" \/>\n<meta name=\"twitter:site\" content=\"@Lagerfeuer74309\" \/>\n<meta name=\"twitter:label1\" content=\"Gesch\u00e4tzte Lesezeit\" \/>\n\t<meta name=\"twitter:data1\" content=\"2\u00a0Minuten\" \/>\n<script type=\"application\/ld+json\" class=\"yoast-schema-graph\">{\"@context\":\"https:\/\/schema.org\",\"@graph\":[{\"@type\":\"WebPage\",\"@id\":\"https:\/\/www.lagerfeuer-musik.de\/wordpress\/ich-kann-rocken\/\",\"url\":\"https:\/\/www.lagerfeuer-musik.de\/wordpress\/ich-kann-rocken\/\",\"name\":\"Ich kann rocken - LAGERFEUER-TRIO\",\"isPartOf\":{\"@id\":\"https:\/\/www.lagerfeuer-musik.de\/wordpress\/#website\"},\"datePublished\":\"2013-09-17T18:00:36+00:00\",\"breadcrumb\":{\"@id\":\"https:\/\/www.lagerfeuer-musik.de\/wordpress\/ich-kann-rocken\/#breadcrumb\"},\"inLanguage\":\"de\",\"potentialAction\":[{\"@type\":\"ReadAction\",\"target\":[\"https:\/\/www.lagerfeuer-musik.de\/wordpress\/ich-kann-rocken\/\"]}]},{\"@type\":\"BreadcrumbList\",\"@id\":\"https:\/\/www.lagerfeuer-musik.de\/wordpress\/ich-kann-rocken\/#breadcrumb\",\"itemListElement\":[{\"@type\":\"ListItem\",\"position\":1,\"name\":\"Startseite\",\"item\":\"https:\/\/www.lagerfeuer-musik.de\/wordpress\/\"},{\"@type\":\"ListItem\",\"position\":2,\"name\":\"Ich kann rocken\"}]},{\"@type\":\"WebSite\",\"@id\":\"https:\/\/www.lagerfeuer-musik.de\/wordpress\/#website\",\"url\":\"https:\/\/www.lagerfeuer-musik.de\/wordpress\/\",\"name\":\"LAGERFEUER-TRIO\",\"description\":\"da brennt die H\u00fctte\",\"publisher\":{\"@id\":\"https:\/\/www.lagerfeuer-musik.de\/wordpress\/#organization\"},\"potentialAction\":[{\"@type\":\"SearchAction\",\"target\":{\"@type\":\"EntryPoint\",\"urlTemplate\":\"https:\/\/www.lagerfeuer-musik.de\/wordpress\/?s={search_term_string}\"},\"query-input\":{\"@type\":\"PropertyValueSpecification\",\"valueRequired\":true,\"valueName\":\"search_term_string\"}}],\"inLanguage\":\"de\"},{\"@type\":\"Organization\",\"@id\":\"https:\/\/www.lagerfeuer-musik.de\/wordpress\/#organization\",\"name\":\"LAGERFEUER-TRIO\",\"url\":\"https:\/\/www.lagerfeuer-musik.de\/wordpress\/\",\"logo\":{\"@type\":\"ImageObject\",\"inLanguage\":\"de\",\"@id\":\"https:\/\/www.lagerfeuer-musik.de\/wordpress\/#\/schema\/logo\/image\/\",\"url\":\"https:\/\/www.lagerfeuer-musik.de\/wordpress\/wp-content\/uploads\/2023\/11\/cropped-LOGONEU.png\",\"contentUrl\":\"https:\/\/www.lagerfeuer-musik.de\/wordpress\/wp-content\/uploads\/2023\/11\/cropped-LOGONEU.png\",\"width\":1158,\"height\":381,\"caption\":\"LAGERFEUER-TRIO\"},\"image\":{\"@id\":\"https:\/\/www.lagerfeuer-musik.de\/wordpress\/#\/schema\/logo\/image\/\"},\"sameAs\":[\"https:\/\/www.facebook.com\/lagerfeuertrio\",\"https:\/\/x.com\/Lagerfeuer74309\",\"https:\/\/www.instagram.com\/lagerfeuertrio\/\",\"https:\/\/www.linkedin.com\/in\/lagerfeuer-trio-aachen\/\"]}]}<\/script>\n<!-- \/ Yoast SEO plugin. -->","yoast_head_json":{"title":"Ich kann rocken - LAGERFEUER-TRIO","robots":{"index":"index","follow":"follow","max-snippet":"max-snippet:-1","max-image-preview":"max-image-preview:large","max-video-preview":"max-video-preview:-1"},"canonical":"https:\/\/www.lagerfeuer-musik.de\/wordpress\/ich-kann-rocken\/","og_locale":"de_DE","og_type":"article","og_title":"Ich kann rocken - LAGERFEUER-TRIO","og_description":"mag ja sein, das du sch\u00f6ner, kl\u00fcger, reicher bist als ich aber aus irgendeinem grund klappt&#8217;s bei dir mit den frauen nicht und das kannst du dir so gar nichtContinue readingIch kann rocken","og_url":"https:\/\/www.lagerfeuer-musik.de\/wordpress\/ich-kann-rocken\/","og_site_name":"LAGERFEUER-TRIO","article_publisher":"https:\/\/www.facebook.com\/lagerfeuertrio","twitter_card":"summary_large_image","twitter_site":"@Lagerfeuer74309","twitter_misc":{"Gesch\u00e4tzte Lesezeit":"2\u00a0Minuten"},"schema":{"@context":"https:\/\/schema.org","@graph":[{"@type":"WebPage","@id":"https:\/\/www.lagerfeuer-musik.de\/wordpress\/ich-kann-rocken\/","url":"https:\/\/www.lagerfeuer-musik.de\/wordpress\/ich-kann-rocken\/","name":"Ich kann rocken - LAGERFEUER-TRIO","isPartOf":{"@id":"https:\/\/www.lagerfeuer-musik.de\/wordpress\/#website"},"datePublished":"2013-09-17T18:00:36+00:00","breadcrumb":{"@id":"https:\/\/www.lagerfeuer-musik.de\/wordpress\/ich-kann-rocken\/#breadcrumb"},"inLanguage":"de","potentialAction":[{"@type":"ReadAction","target":["https:\/\/www.lagerfeuer-musik.de\/wordpress\/ich-kann-rocken\/"]}]},{"@type":"BreadcrumbList","@id":"https:\/\/www.lagerfeuer-musik.de\/wordpress\/ich-kann-rocken\/#breadcrumb","itemListElement":[{"@type":"ListItem","position":1,"name":"Startseite","item":"https:\/\/www.lagerfeuer-musik.de\/wordpress\/"},{"@type":"ListItem","position":2,"name":"Ich kann rocken"}]},{"@type":"WebSite","@id":"https:\/\/www.lagerfeuer-musik.de\/wordpress\/#website","url":"https:\/\/www.lagerfeuer-musik.de\/wordpress\/","name":"LAGERFEUER-TRIO","description":"da brennt die H\u00fctte","publisher":{"@id":"https:\/\/www.lagerfeuer-musik.de\/wordpress\/#organization"},"potentialAction":[{"@type":"SearchAction","target":{"@type":"EntryPoint","urlTemplate":"https:\/\/www.lagerfeuer-musik.de\/wordpress\/?s={search_term_string}"},"query-input":{"@type":"PropertyValueSpecification","valueRequired":true,"valueName":"search_term_string"}}],"inLanguage":"de"},{"@type":"Organization","@id":"https:\/\/www.lagerfeuer-musik.de\/wordpress\/#organization","name":"LAGERFEUER-TRIO","url":"https:\/\/www.lagerfeuer-musik.de\/wordpress\/","logo":{"@type":"ImageObject","inLanguage":"de","@id":"https:\/\/www.lagerfeuer-musik.de\/wordpress\/#\/schema\/logo\/image\/","url":"https:\/\/www.lagerfeuer-musik.de\/wordpress\/wp-content\/uploads\/2023\/11\/cropped-LOGONEU.png","contentUrl":"https:\/\/www.lagerfeuer-musik.de\/wordpress\/wp-content\/uploads\/2023\/11\/cropped-LOGONEU.png","width":1158,"height":381,"caption":"LAGERFEUER-TRIO"},"image":{"@id":"https:\/\/www.lagerfeuer-musik.de\/wordpress\/#\/schema\/logo\/image\/"},"sameAs":["https:\/\/www.facebook.com\/lagerfeuertrio","https:\/\/x.com\/Lagerfeuer74309","https:\/\/www.instagram.com\/lagerfeuertrio\/","https:\/\/www.linkedin.com\/in\/lagerfeuer-trio-aachen\/"]}]}},"_links":{"self":[{"href":"https:\/\/www.lagerfeuer-musik.de\/wordpress\/wp-json\/wp\/v2\/pages\/1285","targetHints":{"allow":["GET"]}}],"collection":[{"href":"https:\/\/www.lagerfeuer-musik.de\/wordpress\/wp-json\/wp\/v2\/pages"}],"about":[{"href":"https:\/\/www.lagerfeuer-musik.de\/wordpress\/wp-json\/wp\/v2\/types\/page"}],"author":[{"embeddable":true,"href":"https:\/\/www.lagerfeuer-musik.de\/wordpress\/wp-json\/wp\/v2\/users\/1"}],"replies":[{"embeddable":true,"href":"https:\/\/www.lagerfeuer-musik.de\/wordpress\/wp-json\/wp\/v2\/comments?post=1285"}],"version-history":[{"count":2,"href":"https:\/\/www.lagerfeuer-musik.de\/wordpress\/wp-json\/wp\/v2\/pages\/1285\/revisions"}],"predecessor-version":[{"id":1287,"href":"https:\/\/www.lagerfeuer-musik.de\/wordpress\/wp-json\/wp\/v2\/pages\/1285\/revisions\/1287"}],"wp:attachment":[{"href":"https:\/\/www.lagerfeuer-musik.de\/wordpress\/wp-json\/wp\/v2\/media?parent=1285"}],"curies":[{"name":"wp","href":"https:\/\/api.w.org\/{rel}","templated":true}]}}

<p style="text-align: left;" align="CENTER">mag ja sein, das du schöner, klüger, reicher bist als ich<br />
aber aus irgendeinem grund klappt&#8217;s bei dir mit den frauen nicht<br />
und das kannst du dir so gar nicht erklären<br />
obwohl du soviel zu bieten hast will sich keine mit dir vermehren<br />
du hast die kohle auf der bank, die bücher im schrank<br />
in deiner designerküche ist alles blitzeblank<br />
du denkst das kann doch nicht sein, wieso bin ich allein<br />
wenn ich sogar bei liebesfilmen an den richtigen stellen wein??</p>
<p align="LEFT">da gibt es etwas, das dir fehlt<br />
das hat die bloß keine erzählt<br />
du machst sicher alles richtig<br />
aber es ist nicht wichtig</p>
<p align="LEFT"><strong>du bist zwar klug, aber nicht witzig</strong><br />
<strong>du siehst gut aus, aber das gibt sich</strong><br />
<strong>du hast ein großes, teures auto,</strong><br />
<strong>aber du benimmst dich auch genauso</strong><br />
<strong>du bist zwar reich, aber nicht cool,</strong><br />
<strong>da hilft dir auch kein swimmingpool</strong><br />
<strong>du kannst mit deinen flocken locken,</strong><br />
<strong>aber ich gewinn, denn ich kann rocken!</strong></p>
<p align="LEFT">Mag ja sein, das du höher, schneller, weiter bist als ich,<br />
aber aus irgendeinem grund hast du bis jetzt keine abgekriegt<br />
und das kannst du ganz und gar nicht vertsehen,<br />
denn um festzustellen, wie toll du bist, braucht man sich nur umzusehen<br />
du kennst die wichtigen leute deiner stadt<br />
du stehst überall auf der gästeliste, du hast&#8217;s gepackt<br />
nur eine kleine sache regt dich tierisch auf<br />
warum zur hölle gehst du immer noch alleine nach haus??</p>
<p align="LEFT">da gibt es etwas, das dir fehlt<br />
das hat die bloß keine erzählt<br />
du machst sicher alles richtig<br />
aber es ist nicht wichtig</p>
<p align="LEFT"><strong>du bist zwar klug, aber nicht witzig</strong><br />
<strong>du siehst gut aus, aber das gibt sich</strong><br />
<strong>du hast ein großes, teures auto,</strong><br />
<strong>aber du benimmst dich auch genauso</strong><br />
<strong>du bist zwar reich, aber nicht cool,</strong><br />
<strong>da hilft dir auch kein swimmingpool</strong><br />
<strong>du kannst mit deinen flocken locken,</strong><br />
<strong>aber ich gewinn, denn ich kann rocken!</strong></p>
<p align="LEFT">aber das kann doch nicht sein, denkst du dir<br />
das dieser penner meint, er hätt&#8216; was zu kamellen neben mir<br />
und glaubt er könnt&#8216; mir was erzählen, darüber das mir irgendwelche sachen fehlen<br />
das ist doch nicht zu fassen, wird zeit, den stehen zu lassen<br />
das tut mir wirklich furchtbar leid, mein freund<br />
ich wollte dir nur helfen, ich hab&#8217;s echt nur gut gemeint<br />
aber mach nur so weiter, umso besser für mich,<br />
die lady hakt mich unter, lässt dich stehen, und du wunderst dich</p>
<p align="LEFT">da gibt es etwas, das dir fehlt<br />
das hat die bloß keine erzählt<br />
du machst sicher alles richtig<br />
aber es ist nicht wichtig</p>
<p align="LEFT"><strong>du bist zwar klug, aber nicht witzig</strong><br />
<strong>du siehst gut aus, aber das gibt sich</strong><br />
<strong>du hast ein großes, teures auto,</strong><br />
<strong>aber du benimmst dich auch genauso</strong><br />
<strong>du bist zwar reich, aber nicht cool,</strong><br />
<strong>da hilft dir auch kein swimmingpool</strong><br />
<strong>du kannst mit deinen flocken locken,</strong><br />
<strong>aber ich gewinn, denn ich kann rocken!</strong></p>

<p>mag ja sein, das du schöner, klüger, reicher bist als ich aber aus irgendeinem grund klappt&#8217;s bei dir mit den frauen nicht und das kannst du dir so gar nicht<a href="https://www.lagerfeuer-musik.de/wordpress/ich-kann-rocken/" class="more-link"><span class="readmore">Continue reading<span class="screen-reader-text">Ich kann rocken</span></span></a></p>

<!-- This site is optimized with the Yoast SEO plugin v26.1.1 - https://yoast.com/wordpress/plugins/seo/ -->
<title>Ich kann rocken - LAGERFEUER-TRIO</title>
<meta name="robots" content="index, follow, max-snippet:-1, max-image-preview:large, max-video-preview:-1" />
<link rel="canonical" href="https://www.lagerfeuer-musik.de/wordpress/ich-kann-rocken/" />
<meta property="og:locale" content="de_DE" />
<meta property="og:type" content="article" />
<meta property="og:title" content="Ich kann rocken - LAGERFEUER-TRIO" />
<meta property="og:description" content="mag ja sein, das du schöner, klüger, reicher bist als ich aber aus irgendeinem grund klappt&#8217;s bei dir mit den frauen nicht und das kannst du dir so gar nichtContinue readingIch kann rocken" />
<meta property="og:url" content="https://www.lagerfeuer-musik.de/wordpress/ich-kann-rocken/" />
<meta property="og:site_name" content="LAGERFEUER-TRIO" />
<meta property="article:publisher" content="https://www.facebook.com/lagerfeuertrio" />
<meta name="twitter:card" content="summary_large_image" />
<meta name="twitter:site" content="@Lagerfeuer74309" />
<meta name="twitter:label1" content="Geschätzte Lesezeit" />
	<meta name="twitter:data1" content="2 Minuten" />
<script type="application/ld+json" class="yoast-schema-graph">{"@context":"https://schema.org","@graph":[{"@type":"WebPage","@id":"https://www.lagerfeuer-musik.de/wordpress/ich-kann-rocken/","url":"https://www.lagerfeuer-musik.de/wordpress/ich-kann-rocken/","name":"Ich kann rocken - LAGERFEUER-TRIO","isPartOf":{"@id":"https://www.lagerfeuer-musik.de/wordpress/#website"},"datePublished":"2013-09-17T18:00:36+00:00","breadcrumb":{"@id":"https://www.lagerfeuer-musik.de/wordpress/ich-kann-rocken/#breadcrumb"},"inLanguage":"de","potentialAction":[{"@type":"ReadAction","target":["https://www.lagerfeuer-musik.de/wordpress/ich-kann-rocken/"]}]},{"@type":"BreadcrumbList","@id":"https://www.lagerfeuer-musik.de/wordpress/ich-kann-rocken/#breadcrumb","itemListElement":[{"@type":"ListItem","position":1,"name":"Startseite","item":"https://www.lagerfeuer-musik.de/wordpress/"},{"@type":"ListItem","position":2,"name":"Ich kann rocken"}]},{"@type":"WebSite","@id":"https://www.lagerfeuer-musik.de/wordpress/#website","url":"https://www.lagerfeuer-musik.de/wordpress/","name":"LAGERFEUER-TRIO","description":"da brennt die Hütte","publisher":{"@id":"https://www.lagerfeuer-musik.de/wordpress/#organization"},"potentialAction":[{"@type":"SearchAction","target":{"@type":"EntryPoint","urlTemplate":"https://www.lagerfeuer-musik.de/wordpress/?s={search_term_string}"},"query-input":{"@type":"PropertyValueSpecification","valueRequired":true,"valueName":"search_term_string"}}],"inLanguage":"de"},{"@type":"Organization","@id":"https://www.lagerfeuer-musik.de/wordpress/#organization","name":"LAGERFEUER-TRIO","url":"https://www.lagerfeuer-musik.de/wordpress/","logo":{"@type":"ImageObject","inLanguage":"de","@id":"https://www.lagerfeuer-musik.de/wordpress/#/schema/logo/image/","url":"https://www.lagerfeuer-musik.de/wordpress/wp-content/uploads/2023/11/cropped-LOGONEU.png","contentUrl":"https://www.lagerfeuer-musik.de/wordpress/wp-content/uploads/2023/11/cropped-LOGONEU.png","width":1158,"height":381,"caption":"LAGERFEUER-TRIO"},"image":{"@id":"https://www.lagerfeuer-musik.de/wordpress/#/schema/logo/image/"},"sameAs":["https://www.facebook.com/lagerfeuertrio","https://x.com/Lagerfeuer74309","https://www.instagram.com/lagerfeuertrio/","https://www.linkedin.com/in/lagerfeuer-trio-aachen/"]}]}</script>
<!-- / Yoast SEO plugin. -->

mag ja sein, das du schöner, klüger, reicher bist als ich aber aus irgendeinem grund klappt&#8217;s bei dir mit den frauen nicht und das kannst du dir so gar nichtContinue readingIch kann rocken

da brennt die Hütte
