{"id":3803,"date":"2023-08-24T11:57:55","date_gmt":"2023-08-24T09:57:55","guid":{"rendered":"https:\/\/www.lagerfeuer-musik.de\/wordpress\/?page_id=3803"},"modified":"2026-04-27T11:30:39","modified_gmt":"2026-04-27T09:30:39","slug":"termine","status":"publish","type":"page","link":"https:\/\/www.lagerfeuer-musik.de\/wordpress\/termine\/","title":{"rendered":"Termine"},"content":{"rendered":"\n<figure class=\"wp-block-table is-style-stripes has-normal-font-size\"><table class=\"has-white-background-color has-background\"><thead><tr><th class=\"has-text-align-left\" data-align=\"left\">2026<\/th><th class=\"has-text-align-left\" data-align=\"left\">Ort<\/th><\/tr><\/thead><tbody><tr><td class=\"has-text-align-left\" data-align=\"left\">03.01.2026<\/td><td class=\"has-text-align-left\" data-align=\"left\">Roetgen, nicht \u00f6ffentlich<\/td><\/tr><tr><td class=\"has-text-align-left\" data-align=\"left\">31.01.2026<\/td><td class=\"has-text-align-left\" data-align=\"left\">W\u00fcrselen Altes Rathaus 20:00 Uhr <strong>AUSVERKAUFT<\/strong><\/td><\/tr><tr><td class=\"has-text-align-left\" data-align=\"left\">21.02.2026<\/td><td class=\"has-text-align-left\" data-align=\"left\">Bergisch Gladbach, nicht \u00f6ffentlich<\/td><\/tr><tr><td class=\"has-text-align-left\" data-align=\"left\">30.04.2026<\/td><td class=\"has-text-align-left\" data-align=\"left\">Aachen, Mai-Party Park-Terrassen, 21:00 Uhr <a href=\"https:\/\/billetto.eu\/e\/lagerfeuer-trio-mai-party-aachen-Tickets-1785696\"><strong>Tickets<\/strong><\/a><\/td><\/tr><tr><td class=\"has-text-align-left\" data-align=\"left\">02.05.2026<\/td><td class=\"has-text-align-left\" data-align=\"left\">Aachen, nicht \u00f6ffentlich<\/td><\/tr><tr><td class=\"has-text-align-left\" data-align=\"left\">08.05.2026<\/td><td class=\"has-text-align-left\" data-align=\"left\">Aachen, Platz der Demokratie, Openair, 19:30 Uhr<\/td><\/tr><tr><td class=\"has-text-align-left\" data-align=\"left\">16.05.2026<\/td><td class=\"has-text-align-left\" data-align=\"left\">Stolberg, Kaiserplatz, 19:30 Uhr<\/td><\/tr><tr><td class=\"has-text-align-left\" data-align=\"left\">30.05.2026<\/td><td class=\"has-text-align-left\" data-align=\"left\">Aachen, nicht \u00f6ffentlich<\/td><\/tr><tr><td class=\"has-text-align-left\" data-align=\"left\">06.06.2026<\/td><td class=\"has-text-align-left\" data-align=\"left\">Wegberg Klinkum, Festzelt<\/td><\/tr><tr><td class=\"has-text-align-left\" data-align=\"left\">07.06.2026<\/td><td class=\"has-text-align-left\" data-align=\"left\">Herzogenrath, Burg Openair, 16:00 Uhr<\/td><\/tr><tr><td class=\"has-text-align-left\" data-align=\"left\">13.06.2026<\/td><td class=\"has-text-align-left\" data-align=\"left\">Bispingen, nicht \u00f6ffentlich<\/td><\/tr><tr><td class=\"has-text-align-left\" data-align=\"left\">19.06.2026<\/td><td class=\"has-text-align-left\" data-align=\"left\">Aachen, nicht \u00f6ffentlich<\/td><\/tr><tr><td class=\"has-text-align-left\" data-align=\"left\">20.06.2026<\/td><td class=\"has-text-align-left\" data-align=\"left\">Aachen, nicht \u00f6ffentlich<\/td><\/tr><tr><td class=\"has-text-align-left\" data-align=\"left\">27.06.2026<\/td><td class=\"has-text-align-left\" data-align=\"left\">Stolberg, nicht \u00f6ffentlich<\/td><\/tr><tr><td class=\"has-text-align-left\" data-align=\"left\">11.07.2026<\/td><td class=\"has-text-align-left\" data-align=\"left\">Waurichen, Zelt<\/td><\/tr><tr><td class=\"has-text-align-left\" data-align=\"left\">17.07.2026<\/td><td class=\"has-text-align-left\" data-align=\"left\">Aachen-Hahn, Openair 21:00 Uhr Am Pfarrheim<\/td><\/tr><tr><td class=\"has-text-align-left\" data-align=\"left\">01.08.2026<\/td><td class=\"has-text-align-left\" data-align=\"left\">Heinsberg Kirchhoven Openair, ca. 20:00 Uhr<\/td><\/tr><tr><td class=\"has-text-align-left\" data-align=\"left\">21.08.2026<\/td><td class=\"has-text-align-left\" data-align=\"left\">Broichweiden Openair ca. 20:00 Uhr<\/td><\/tr><tr><td class=\"has-text-align-left\" data-align=\"left\">23.08.2026<\/td><td class=\"has-text-align-left\" data-align=\"left\">Aachen, Marktplatz, Reit-WM 20:00 Uhr<\/td><\/tr><tr><td class=\"has-text-align-left\" data-align=\"left\">28.08.2026<\/td><td class=\"has-text-align-left\" data-align=\"left\">Eschweiler, Stadtfest 20:00 Uhr<\/td><\/tr><tr><td class=\"has-text-align-left\" data-align=\"left\">05.09.2026<\/td><td class=\"has-text-align-left\" data-align=\"left\">Aachen, nicht \u00f6ffentlich<\/td><\/tr><tr><td class=\"has-text-align-left\" data-align=\"left\">17.10.2026<\/td><td class=\"has-text-align-left\" data-align=\"left\">Wegberg, nicht \u00f6ffentlich<\/td><\/tr><tr><td class=\"has-text-align-left\" data-align=\"left\">21.11.2026<\/td><td class=\"has-text-align-left\" data-align=\"left\">Frechen, Wolf&#8217;s Eck (ehem. Schiller) 19:30 Uhr <strong><a href=\"https:\/\/billetto.eu\/e\/lagerfeuer-trio-live-in-frechen-Tickets-1694748\">Tickets<\/a><\/strong><\/td><\/tr><tr><td class=\"has-text-align-left\" data-align=\"left\">27.11.2026<\/td><td class=\"has-text-align-left\" data-align=\"left\">J\u00fclich, Kulturbahnhof 20:00 Uhr Tickets <strong><a href=\"https:\/\/www.ztix.de\/kuba-juelich\/events\/lagerfeuer-trio-J2h3Co\/tickets\">Tickets<\/a><\/strong><\/td><\/tr><tr><td class=\"has-text-align-left\" data-align=\"left\">27.12.2026<\/td><td class=\"has-text-align-left\" data-align=\"left\">Aachen, Franz-B\u00fchne-Saal, 19:30 Uhr<\/td><\/tr><\/tbody><\/table><\/figure>\n","protected":false},"excerpt":{"rendered":"<p>2026 Ort 03.01.2026 Roetgen, nicht \u00f6ffentlich 31.01.2026 W\u00fcrselen Altes Rathaus 20:00 Uhr AUSVERKAUFT 21.02.2026 Bergisch Gladbach, nicht \u00f6ffentlich 30.04.2026 Aachen, Mai-Party Park-Terrassen, 21:00 Uhr Tickets 02.05.2026 Aachen, nicht \u00f6ffentlich 08.05.2026<a href=\"https:\/\/www.lagerfeuer-musik.de\/wordpress\/termine\/\" class=\"more-link\"><span class=\"readmore\">Continue reading<span class=\"screen-reader-text\">Termine<\/span><\/span><\/a><\/p>\n","protected":false},"author":1,"featured_media":0,"parent":0,"menu_order":0,"comment_status":"closed","ping_status":"closed","template":"","meta":{"footnotes":""},"class_list":["post-3803","page","type-page","status-publish","hentry"],"yoast_head":"<!-- This site is optimized with the Yoast SEO plugin v26.1.1 - https:\/\/yoast.com\/wordpress\/plugins\/seo\/ -->\n<title>Termine - LAGERFEUER-TRIO<\/title>\n<meta name=\"description\" content=\"Mitsingen XXL. 3 Vollblutmusiker heizen ein. 100% Live-Stimmung f\u00fcr jedes Event! Seit 800 Auftritten unterwegs in NRW. - Liveband - Livemusik\" \/>\n<meta name=\"robots\" content=\"index, follow, max-snippet:-1, max-image-preview:large, max-video-preview:-1\" \/>\n<link rel=\"canonical\" href=\"https:\/\/www.lagerfeuer-musik.de\/wordpress\/termine\/\" \/>\n<meta property=\"og:locale\" content=\"de_DE\" \/>\n<meta property=\"og:type\" content=\"article\" \/>\n<meta property=\"og:title\" content=\"Termine - LAGERFEUER-TRIO\" \/>\n<meta property=\"og:description\" content=\"Mitsingen XXL. 3 Vollblutmusiker heizen ein. 100% Live-Stimmung f\u00fcr jedes Event! Seit 800 Auftritten unterwegs in NRW. - Liveband - Livemusik\" \/>\n<meta property=\"og:url\" content=\"https:\/\/www.lagerfeuer-musik.de\/wordpress\/termine\/\" \/>\n<meta property=\"og:site_name\" content=\"LAGERFEUER-TRIO\" \/>\n<meta property=\"article:publisher\" content=\"https:\/\/www.facebook.com\/lagerfeuertrio\" \/>\n<meta property=\"article:modified_time\" content=\"2026-04-27T09:30:39+00:00\" \/>\n<meta name=\"twitter:card\" content=\"summary_large_image\" \/>\n<meta name=\"twitter:site\" content=\"@Lagerfeuer74309\" \/>\n<meta name=\"twitter:label1\" content=\"Gesch\u00e4tzte Lesezeit\" \/>\n\t<meta name=\"twitter:data1\" content=\"1\u00a0Minute\" \/>\n<script type=\"application\/ld+json\" class=\"yoast-schema-graph\">{\"@context\":\"https:\/\/schema.org\",\"@graph\":[{\"@type\":\"WebPage\",\"@id\":\"https:\/\/www.lagerfeuer-musik.de\/wordpress\/termine\/\",\"url\":\"https:\/\/www.lagerfeuer-musik.de\/wordpress\/termine\/\",\"name\":\"Termine - LAGERFEUER-TRIO\",\"isPartOf\":{\"@id\":\"https:\/\/www.lagerfeuer-musik.de\/wordpress\/#website\"},\"datePublished\":\"2023-08-24T09:57:55+00:00\",\"dateModified\":\"2026-04-27T09:30:39+00:00\",\"description\":\"Mitsingen XXL. 3 Vollblutmusiker heizen ein. 100% Live-Stimmung f\u00fcr jedes Event! Seit 800 Auftritten unterwegs in NRW. - Liveband - Livemusik\",\"breadcrumb\":{\"@id\":\"https:\/\/www.lagerfeuer-musik.de\/wordpress\/termine\/#breadcrumb\"},\"inLanguage\":\"de\",\"potentialAction\":[{\"@type\":\"ReadAction\",\"target\":[\"https:\/\/www.lagerfeuer-musik.de\/wordpress\/termine\/\"]}]},{\"@type\":\"BreadcrumbList\",\"@id\":\"https:\/\/www.lagerfeuer-musik.de\/wordpress\/termine\/#breadcrumb\",\"itemListElement\":[{\"@type\":\"ListItem\",\"position\":1,\"name\":\"Startseite\",\"item\":\"https:\/\/www.lagerfeuer-musik.de\/wordpress\/\"},{\"@type\":\"ListItem\",\"position\":2,\"name\":\"Termine\"}]},{\"@type\":\"WebSite\",\"@id\":\"https:\/\/www.lagerfeuer-musik.de\/wordpress\/#website\",\"url\":\"https:\/\/www.lagerfeuer-musik.de\/wordpress\/\",\"name\":\"LAGERFEUER-TRIO\",\"description\":\"da brennt die H\u00fctte\",\"publisher\":{\"@id\":\"https:\/\/www.lagerfeuer-musik.de\/wordpress\/#organization\"},\"potentialAction\":[{\"@type\":\"SearchAction\",\"target\":{\"@type\":\"EntryPoint\",\"urlTemplate\":\"https:\/\/www.lagerfeuer-musik.de\/wordpress\/?s={search_term_string}\"},\"query-input\":{\"@type\":\"PropertyValueSpecification\",\"valueRequired\":true,\"valueName\":\"search_term_string\"}}],\"inLanguage\":\"de\"},{\"@type\":\"Organization\",\"@id\":\"https:\/\/www.lagerfeuer-musik.de\/wordpress\/#organization\",\"name\":\"LAGERFEUER-TRIO\",\"url\":\"https:\/\/www.lagerfeuer-musik.de\/wordpress\/\",\"logo\":{\"@type\":\"ImageObject\",\"inLanguage\":\"de\",\"@id\":\"https:\/\/www.lagerfeuer-musik.de\/wordpress\/#\/schema\/logo\/image\/\",\"url\":\"https:\/\/www.lagerfeuer-musik.de\/wordpress\/wp-content\/uploads\/2023\/11\/cropped-LOGONEU.png\",\"contentUrl\":\"https:\/\/www.lagerfeuer-musik.de\/wordpress\/wp-content\/uploads\/2023\/11\/cropped-LOGONEU.png\",\"width\":1158,\"height\":381,\"caption\":\"LAGERFEUER-TRIO\"},\"image\":{\"@id\":\"https:\/\/www.lagerfeuer-musik.de\/wordpress\/#\/schema\/logo\/image\/\"},\"sameAs\":[\"https:\/\/www.facebook.com\/lagerfeuertrio\",\"https:\/\/x.com\/Lagerfeuer74309\",\"https:\/\/www.instagram.com\/lagerfeuertrio\/\",\"https:\/\/www.linkedin.com\/in\/lagerfeuer-trio-aachen\/\"]}]}<\/script>\n<!-- \/ Yoast SEO plugin. -->","yoast_head_json":{"title":"Termine - LAGERFEUER-TRIO","description":"Mitsingen XXL. 3 Vollblutmusiker heizen ein. 100% Live-Stimmung f\u00fcr jedes Event! Seit 800 Auftritten unterwegs in NRW. - Liveband - Livemusik","robots":{"index":"index","follow":"follow","max-snippet":"max-snippet:-1","max-image-preview":"max-image-preview:large","max-video-preview":"max-video-preview:-1"},"canonical":"https:\/\/www.lagerfeuer-musik.de\/wordpress\/termine\/","og_locale":"de_DE","og_type":"article","og_title":"Termine - LAGERFEUER-TRIO","og_description":"Mitsingen XXL. 3 Vollblutmusiker heizen ein. 100% Live-Stimmung f\u00fcr jedes Event! Seit 800 Auftritten unterwegs in NRW. - Liveband - Livemusik","og_url":"https:\/\/www.lagerfeuer-musik.de\/wordpress\/termine\/","og_site_name":"LAGERFEUER-TRIO","article_publisher":"https:\/\/www.facebook.com\/lagerfeuertrio","article_modified_time":"2026-04-27T09:30:39+00:00","twitter_card":"summary_large_image","twitter_site":"@Lagerfeuer74309","twitter_misc":{"Gesch\u00e4tzte Lesezeit":"1\u00a0Minute"},"schema":{"@context":"https:\/\/schema.org","@graph":[{"@type":"WebPage","@id":"https:\/\/www.lagerfeuer-musik.de\/wordpress\/termine\/","url":"https:\/\/www.lagerfeuer-musik.de\/wordpress\/termine\/","name":"Termine - LAGERFEUER-TRIO","isPartOf":{"@id":"https:\/\/www.lagerfeuer-musik.de\/wordpress\/#website"},"datePublished":"2023-08-24T09:57:55+00:00","dateModified":"2026-04-27T09:30:39+00:00","description":"Mitsingen XXL. 3 Vollblutmusiker heizen ein. 100% Live-Stimmung f\u00fcr jedes Event! Seit 800 Auftritten unterwegs in NRW. - Liveband - Livemusik","breadcrumb":{"@id":"https:\/\/www.lagerfeuer-musik.de\/wordpress\/termine\/#breadcrumb"},"inLanguage":"de","potentialAction":[{"@type":"ReadAction","target":["https:\/\/www.lagerfeuer-musik.de\/wordpress\/termine\/"]}]},{"@type":"BreadcrumbList","@id":"https:\/\/www.lagerfeuer-musik.de\/wordpress\/termine\/#breadcrumb","itemListElement":[{"@type":"ListItem","position":1,"name":"Startseite","item":"https:\/\/www.lagerfeuer-musik.de\/wordpress\/"},{"@type":"ListItem","position":2,"name":"Termine"}]},{"@type":"WebSite","@id":"https:\/\/www.lagerfeuer-musik.de\/wordpress\/#website","url":"https:\/\/www.lagerfeuer-musik.de\/wordpress\/","name":"LAGERFEUER-TRIO","description":"da brennt die H\u00fctte","publisher":{"@id":"https:\/\/www.lagerfeuer-musik.de\/wordpress\/#organization"},"potentialAction":[{"@type":"SearchAction","target":{"@type":"EntryPoint","urlTemplate":"https:\/\/www.lagerfeuer-musik.de\/wordpress\/?s={search_term_string}"},"query-input":{"@type":"PropertyValueSpecification","valueRequired":true,"valueName":"search_term_string"}}],"inLanguage":"de"},{"@type":"Organization","@id":"https:\/\/www.lagerfeuer-musik.de\/wordpress\/#organization","name":"LAGERFEUER-TRIO","url":"https:\/\/www.lagerfeuer-musik.de\/wordpress\/","logo":{"@type":"ImageObject","inLanguage":"de","@id":"https:\/\/www.lagerfeuer-musik.de\/wordpress\/#\/schema\/logo\/image\/","url":"https:\/\/www.lagerfeuer-musik.de\/wordpress\/wp-content\/uploads\/2023\/11\/cropped-LOGONEU.png","contentUrl":"https:\/\/www.lagerfeuer-musik.de\/wordpress\/wp-content\/uploads\/2023\/11\/cropped-LOGONEU.png","width":1158,"height":381,"caption":"LAGERFEUER-TRIO"},"image":{"@id":"https:\/\/www.lagerfeuer-musik.de\/wordpress\/#\/schema\/logo\/image\/"},"sameAs":["https:\/\/www.facebook.com\/lagerfeuertrio","https:\/\/x.com\/Lagerfeuer74309","https:\/\/www.instagram.com\/lagerfeuertrio\/","https:\/\/www.linkedin.com\/in\/lagerfeuer-trio-aachen\/"]}]}},"_links":{"self":[{"href":"https:\/\/www.lagerfeuer-musik.de\/wordpress\/wp-json\/wp\/v2\/pages\/3803","targetHints":{"allow":["GET"]}}],"collection":[{"href":"https:\/\/www.lagerfeuer-musik.de\/wordpress\/wp-json\/wp\/v2\/pages"}],"about":[{"href":"https:\/\/www.lagerfeuer-musik.de\/wordpress\/wp-json\/wp\/v2\/types\/page"}],"author":[{"embeddable":true,"href":"https:\/\/www.lagerfeuer-musik.de\/wordpress\/wp-json\/wp\/v2\/users\/1"}],"replies":[{"embeddable":true,"href":"https:\/\/www.lagerfeuer-musik.de\/wordpress\/wp-json\/wp\/v2\/comments?post=3803"}],"version-history":[{"count":159,"href":"https:\/\/www.lagerfeuer-musik.de\/wordpress\/wp-json\/wp\/v2\/pages\/3803\/revisions"}],"predecessor-version":[{"id":4678,"href":"https:\/\/www.lagerfeuer-musik.de\/wordpress\/wp-json\/wp\/v2\/pages\/3803\/revisions\/4678"}],"wp:attachment":[{"href":"https:\/\/www.lagerfeuer-musik.de\/wordpress\/wp-json\/wp\/v2\/media?parent=3803"}],"curies":[{"name":"wp","href":"https:\/\/api.w.org\/{rel}","templated":true}]}}